{"id":32873,"date":"2025-03-10T16:21:06","date_gmt":"2025-03-10T19:21:06","guid":{"rendered":"https:\/\/correiodasemana.com\/site\/wp-content\/uploads\/2025\/03\/Jose-Luis-Lira-recebe-o-diploma-de-Socio-Honorario-das-maos-do-General-Lima-Verde.jpg"},"modified":"2025-03-10T16:22:15","modified_gmt":"2025-03-10T19:22:15","slug":"jose-luis-lira-recebe-o-diploma-de-socio-honorario-das-maos-do-general-lima-verde","status":"inherit","type":"attachment","link":"https:\/\/correiodasemana.com\/site\/na-celebracao-dos-138-anos-do-instituto-do-ceara-e-posse-da-nova-diretoria-prof-jose-luis-lira-recebe-diploma-de-socio-honorario\/jose-luis-lira-recebe-o-diploma-de-socio-honorario-das-maos-do-general-lima-verde\/","title":{"rendered":"Jos\u00e9 Lu\u00eds Lira recebe o diploma de S\u00f3cio Honor\u00e1rio das m\u00e3os do General Lima Verde"},"author":7,"featured_media":0,"comment_status":"open","ping_status":"closed","template":"","meta":[],"class_list":["post-32873","attachment","type-attachment","status-inherit","hentry"],"jetpack_sharing_enabled":true,"description":{"rendered":"<p class=\"attachment\"><a href='https:\/\/correiodasemana.com\/site\/wp-content\/uploads\/2025\/03\/Jose-Luis-Lira-recebe-o-diploma-de-Socio-Honorario-das-maos-do-General-Lima-Verde-scaled.jpg'><img loading=\"lazy\" width=\"300\" height=\"200\" src=\"https:\/\/correiodasemana.com\/site\/wp-content\/uploads\/2025\/03\/Jose-Luis-Lira-recebe-o-diploma-de-Socio-Honorario-das-maos-do-General-Lima-Verde-300x200.jpg\" class=\"attachment-medium size-medium\" alt=\"Jos\u00e9 Lu\u00eds Lira recebe o diploma de S\u00f3cio Honor\u00e1rio das m\u00e3os do General Lima Verde\" srcset=\"https:\/\/correiodasemana.com\/site\/wp-content\/uploads\/2025\/03\/Jose-Luis-Lira-recebe-o-diploma-de-Socio-Honorario-das-maos-do-General-Lima-Verde-300x200.jpg 300w, https:\/\/correiodasemana.com\/site\/wp-content\/uploads\/2025\/03\/Jose-Luis-Lira-recebe-o-diploma-de-Socio-Honorario-das-maos-do-General-Lima-Verde-1024x683.jpg 1024w, https:\/\/correiodasemana.com\/site\/wp-content\/uploads\/2025\/03\/Jose-Luis-Lira-recebe-o-diploma-de-Socio-Honorario-das-maos-do-General-Lima-Verde-768x512.jpg 768w, https:\/\/correiodasemana.com\/site\/wp-content\/uploads\/2025\/03\/Jose-Luis-Lira-recebe-o-diploma-de-Socio-Honorario-das-maos-do-General-Lima-Verde-1536x1024.jpg 1536w, https:\/\/correiodasemana.com\/site\/wp-content\/uploads\/2025\/03\/Jose-Luis-Lira-recebe-o-diploma-de-Socio-Honorario-das-maos-do-General-Lima-Verde-2048x1365.jpg 2048w\" sizes=\"auto, (max-width: 300px) 100vw, 300px\" loading=\"lazy\" decoding=\"async\" \/><\/a><\/p>\n"},"caption":{"rendered":"<p>Jos\u00e9 Lu\u00eds Lira recebe o diploma de S\u00f3cio Honor\u00e1rio das m\u00e3os do General Lima Verde<\/p>\n"},"alt_text":"","media_type":"image","mime_type":"image\/jpeg","media_details":{"width":2560,"height":1707,"file":"2025\/03\/Jose-Luis-Lira-recebe-o-diploma-de-Socio-Honorario-das-maos-do-General-Lima-Verde-scaled.jpg","filesize":466357,"sizes":{"medium":{"file":"Jose-Luis-Lira-recebe-o-diploma-de-Socio-Honorario-das-maos-do-General-Lima-Verde-300x200.jpg","width":300,"height":200,"filesize":24768,"mime_type":"image\/jpeg","source_url":"https:\/\/correiodasemana.com\/site\/wp-content\/uploads\/2025\/03\/Jose-Luis-Lira-recebe-o-diploma-de-Socio-Honorario-das-maos-do-General-Lima-Verde-300x200.jpg"},"large":{"file":"Jose-Luis-Lira-recebe-o-diploma-de-Socio-Honorario-das-maos-do-General-Lima-Verde-1024x683.jpg","width":1024,"height":683,"filesize":96013,"mime_type":"image\/jpeg","source_url":"https:\/\/correiodasemana.com\/site\/wp-content\/uploads\/2025\/03\/Jose-Luis-Lira-recebe-o-diploma-de-Socio-Honorario-das-maos-do-General-Lima-Verde-1024x683.jpg"},"thumbnail":{"file":"Jose-Luis-Lira-recebe-o-diploma-de-Socio-Honorario-das-maos-do-General-Lima-Verde-150x150.jpg","width":150,"height":150,"filesize":18649,"mime_type":"image\/jpeg","source_url":"https:\/\/correiodasemana.com\/site\/wp-content\/uploads\/2025\/03\/Jose-Luis-Lira-recebe-o-diploma-de-Socio-Honorario-das-maos-do-General-Lima-Verde-150x150.jpg"},"medium_large":{"file":"Jose-Luis-Lira-recebe-o-diploma-de-Socio-Honorario-das-maos-do-General-Lima-Verde-768x512.jpg","width":768,"height":512,"filesize":64305,"mime_type":"image\/jpeg","source_url":"https:\/\/correiodasemana.com\/site\/wp-content\/uploads\/2025\/03\/Jose-Luis-Lira-recebe-o-diploma-de-Socio-Honorario-das-maos-do-General-Lima-Verde-768x512.jpg"},"1536x1536":{"file":"Jose-Luis-Lira-recebe-o-diploma-de-Socio-Honorario-das-maos-do-General-Lima-Verde-1536x1024.jpg","width":1536,"height":1024,"filesize":182712,"mime_type":"image\/jpeg","source_url":"https:\/\/correiodasemana.com\/site\/wp-content\/uploads\/2025\/03\/Jose-Luis-Lira-recebe-o-diploma-de-Socio-Honorario-das-maos-do-General-Lima-Verde-1536x1024.jpg"},"2048x2048":{"file":"Jose-Luis-Lira-recebe-o-diploma-de-Socio-Honorario-das-maos-do-General-Lima-Verde-2048x1365.jpg","width":2048,"height":1365,"filesize":306068,"mime_type":"image\/jpeg","source_url":"https:\/\/correiodasemana.com\/site\/wp-content\/uploads\/2025\/03\/Jose-Luis-Lira-recebe-o-diploma-de-Socio-Honorario-das-maos-do-General-Lima-Verde-2048x1365.jpg"},"covernews-slider-full":{"file":"Jose-Luis-Lira-recebe-o-diploma-de-Socio-Honorario-das-maos-do-General-Lima-Verde-1115x715.jpg","width":1115,"height":715,"filesize":106835,"mime_type":"image\/jpeg","source_url":"https:\/\/correiodasemana.com\/site\/wp-content\/uploads\/2025\/03\/Jose-Luis-Lira-recebe-o-diploma-de-Socio-Honorario-das-maos-do-General-Lima-Verde-1115x715.jpg"},"covernews-slider-center":{"file":"Jose-Luis-Lira-recebe-o-diploma-de-Socio-Honorario-das-maos-do-General-Lima-Verde-800x500.jpg","width":800,"height":500,"filesize":66035,"mime_type":"image\/jpeg","source_url":"https:\/\/correiodasemana.com\/site\/wp-content\/uploads\/2025\/03\/Jose-Luis-Lira-recebe-o-diploma-de-Socio-Honorario-das-maos-do-General-Lima-Verde-800x500.jpg"},"covernews-featured":{"file":"Jose-Luis-Lira-recebe-o-diploma-de-Socio-Honorario-das-maos-do-General-Lima-Verde-1024x683.jpg","width":1024,"height":683,"filesize":96013,"mime_type":"image\/jpeg","source_url":"https:\/\/correiodasemana.com\/site\/wp-content\/uploads\/2025\/03\/Jose-Luis-Lira-recebe-o-diploma-de-Socio-Honorario-das-maos-do-General-Lima-Verde-1024x683.jpg"},"covernews-medium":{"file":"Jose-Luis-Lira-recebe-o-diploma-de-Socio-Honorario-das-maos-do-General-Lima-Verde-540x340.jpg","width":540,"height":340,"filesize":41713,"mime_type":"image\/jpeg","source_url":"https:\/\/correiodasemana.com\/site\/wp-content\/uploads\/2025\/03\/Jose-Luis-Lira-recebe-o-diploma-de-Socio-Honorario-das-maos-do-General-Lima-Verde-540x340.jpg"},"covernews-medium-square":{"file":"Jose-Luis-Lira-recebe-o-diploma-de-Socio-Honorario-das-maos-do-General-Lima-Verde-400x250.jpg","width":400,"height":250,"filesize":31137,"mime_type":"image\/jpeg","source_url":"https:\/\/correiodasemana.com\/site\/wp-content\/uploads\/2025\/03\/Jose-Luis-Lira-recebe-o-diploma-de-Socio-Honorario-das-maos-do-General-Lima-Verde-400x250.jpg"},"full":{"file":"Jose-Luis-Lira-recebe-o-diploma-de-Socio-Honorario-das-maos-do-General-Lima-Verde-scaled.jpg","width":2560,"height":1707,"mime_type":"image\/jpeg","source_url":"https:\/\/correiodasemana.com\/site\/wp-content\/uploads\/2025\/03\/Jose-Luis-Lira-recebe-o-diploma-de-Socio-Honorario-das-maos-do-General-Lima-Verde-scaled.jpg"}},"image_meta":{"aperture":"8","credit":"","camera":"NIKON D5600","caption":"","created_timestamp":"1741287919","copyright":"","focal_length":"22","iso":"2000","shutter_speed":"0.025","title":"","orientation":"1","keywords":[]},"original_image":"Jose-Luis-Lira-recebe-o-diploma-de-Socio-Honorario-das-maos-do-General-Lima-Verde.jpg"},"post":32868,"source_url":"https:\/\/correiodasemana.com\/site\/wp-content\/uploads\/2025\/03\/Jose-Luis-Lira-recebe-o-diploma-de-Socio-Honorario-das-maos-do-General-Lima-Verde-scaled.jpg","_links":{"self":[{"href":"https:\/\/correiodasemana.com\/site\/wp-json\/wp\/v2\/media\/32873","targetHints":{"allow":["GET"]}}],"collection":[{"href":"https:\/\/correiodasemana.com\/site\/wp-json\/wp\/v2\/media"}],"about":[{"href":"https:\/\/correiodasemana.com\/site\/wp-json\/wp\/v2\/types\/attachment"}],"author":[{"embeddable":true,"href":"https:\/\/correiodasemana.com\/site\/wp-json\/wp\/v2\/users\/7"}],"replies":[{"embeddable":true,"href":"https:\/\/correiodasemana.com\/site\/wp-json\/wp\/v2\/comments?post=32873"}],"wp:attached-to":[{"embeddable":true,"post_type":"post","id":32868,"href":"https:\/\/correiodasemana.com\/site\/wp-json\/wp\/v2\/posts\/32868"}],"curies":[{"name":"wp","href":"https:\/\/api.w.org\/{rel}","templated":true}]}}

José Luís Lira recebe o diploma de Sócio Honorário das mãos do General Lima Verde

<p class="attachment"><a href='https://correiodasemana.com/site/wp-content/uploads/2025/03/Jose-Luis-Lira-recebe-o-diploma-de-Socio-Honorario-das-maos-do-General-Lima-Verde-scaled.jpg'><img loading="lazy" width="300" height="200" src="https://correiodasemana.com/site/wp-content/uploads/2025/03/Jose-Luis-Lira-recebe-o-diploma-de-Socio-Honorario-das-maos-do-General-Lima-Verde-300x200.jpg" class="attachment-medium size-medium" alt="José Luís Lira recebe o diploma de Sócio Honorário das mãos do General Lima Verde" srcset="https://correiodasemana.com/site/wp-content/uploads/2025/03/Jose-Luis-Lira-recebe-o-diploma-de-Socio-Honorario-das-maos-do-General-Lima-Verde-300x200.jpg 300w, https://correiodasemana.com/site/wp-content/uploads/2025/03/Jose-Luis-Lira-recebe-o-diploma-de-Socio-Honorario-das-maos-do-General-Lima-Verde-1024x683.jpg 1024w, https://correiodasemana.com/site/wp-content/uploads/2025/03/Jose-Luis-Lira-recebe-o-diploma-de-Socio-Honorario-das-maos-do-General-Lima-Verde-768x512.jpg 768w, https://correiodasemana.com/site/wp-content/uploads/2025/03/Jose-Luis-Lira-recebe-o-diploma-de-Socio-Honorario-das-maos-do-General-Lima-Verde-1536x1024.jpg 1536w, https://correiodasemana.com/site/wp-content/uploads/2025/03/Jose-Luis-Lira-recebe-o-diploma-de-Socio-Honorario-das-maos-do-General-Lima-Verde-2048x1365.jpg 2048w" sizes="auto, (max-width: 300px) 100vw, 300px" loading="lazy" decoding="async" /></a></p>

<p>José Luís Lira recebe o diploma de Sócio Honorário das mãos do General Lima Verde</p>
