{"id":33363,"date":"2025-04-14T16:12:10","date_gmt":"2025-04-14T19:12:10","guid":{"rendered":"https:\/\/correiodasemana.com\/site\/wp-content\/uploads\/2025\/04\/Paroquia-de-Sao-Jose.jpeg"},"modified":"2025-04-14T16:12:10","modified_gmt":"2025-04-14T19:12:10","slug":"paroquia-de-sao-jose","status":"inherit","type":"attachment","link":"https:\/\/correiodasemana.com\/site\/regiao-episcopal-sede-mutirao-de-confissoes-reune-centenas-de-fieis\/paroquia-de-sao-jose\/","title":{"rendered":"Par\u00f3quia de S\u00e3o Jos\u00e9"},"author":7,"featured_media":0,"comment_status":"open","ping_status":"closed","template":"","meta":[],"class_list":["post-33363","attachment","type-attachment","status-inherit","hentry"],"jetpack_sharing_enabled":true,"description":{"rendered":"<p class=\"attachment\"><a href='https:\/\/correiodasemana.com\/site\/wp-content\/uploads\/2025\/04\/Paroquia-de-Sao-Jose.jpeg'><img loading=\"lazy\" width=\"225\" height=\"300\" src=\"https:\/\/correiodasemana.com\/site\/wp-content\/uploads\/2025\/04\/Paroquia-de-Sao-Jose-225x300.jpeg\" class=\"attachment-medium size-medium\" alt=\"Par\u00f3quia de S\u00e3o Jos\u00e9\" srcset=\"https:\/\/correiodasemana.com\/site\/wp-content\/uploads\/2025\/04\/Paroquia-de-Sao-Jose-225x300.jpeg 225w, https:\/\/correiodasemana.com\/site\/wp-content\/uploads\/2025\/04\/Paroquia-de-Sao-Jose-768x1024.jpeg 768w, https:\/\/correiodasemana.com\/site\/wp-content\/uploads\/2025\/04\/Paroquia-de-Sao-Jose-1152x1536.jpeg 1152w, https:\/\/correiodasemana.com\/site\/wp-content\/uploads\/2025\/04\/Paroquia-de-Sao-Jose-1024x1365.jpeg 1024w, https:\/\/correiodasemana.com\/site\/wp-content\/uploads\/2025\/04\/Paroquia-de-Sao-Jose.jpeg 1200w\" sizes=\"auto, (max-width: 225px) 100vw, 225px\" loading=\"lazy\" decoding=\"async\" \/><\/a><\/p>\n"},"caption":{"rendered":""},"alt_text":"","media_type":"image","mime_type":"image\/jpeg","media_details":{"width":1200,"height":1600,"file":"2025\/04\/Paroquia-de-Sao-Jose.jpeg","filesize":263020,"sizes":{"medium":{"file":"Paroquia-de-Sao-Jose-225x300.jpeg","width":225,"height":300,"filesize":17092,"mime_type":"image\/jpeg","source_url":"https:\/\/correiodasemana.com\/site\/wp-content\/uploads\/2025\/04\/Paroquia-de-Sao-Jose-225x300.jpeg"},"large":{"file":"Paroquia-de-Sao-Jose-768x1024.jpeg","width":768,"height":1024,"filesize":134760,"mime_type":"image\/jpeg","source_url":"https:\/\/correiodasemana.com\/site\/wp-content\/uploads\/2025\/04\/Paroquia-de-Sao-Jose-768x1024.jpeg"},"thumbnail":{"file":"Paroquia-de-Sao-Jose-150x150.jpeg","width":150,"height":150,"filesize":6431,"mime_type":"image\/jpeg","source_url":"https:\/\/correiodasemana.com\/site\/wp-content\/uploads\/2025\/04\/Paroquia-de-Sao-Jose-150x150.jpeg"},"medium_large":{"file":"Paroquia-de-Sao-Jose-768x1024.jpeg","width":768,"height":1024,"filesize":134760,"mime_type":"image\/jpeg","source_url":"https:\/\/correiodasemana.com\/site\/wp-content\/uploads\/2025\/04\/Paroquia-de-Sao-Jose-768x1024.jpeg"},"1536x1536":{"file":"Paroquia-de-Sao-Jose-1152x1536.jpeg","width":1152,"height":1536,"filesize":252688,"mime_type":"image\/jpeg","source_url":"https:\/\/correiodasemana.com\/site\/wp-content\/uploads\/2025\/04\/Paroquia-de-Sao-Jose-1152x1536.jpeg"},"covernews-slider-full":{"file":"Paroquia-de-Sao-Jose-1115x715.jpeg","width":1115,"height":715,"filesize":99215,"mime_type":"image\/jpeg","source_url":"https:\/\/correiodasemana.com\/site\/wp-content\/uploads\/2025\/04\/Paroquia-de-Sao-Jose-1115x715.jpeg"},"covernews-slider-center":{"file":"Paroquia-de-Sao-Jose-800x500.jpeg","width":800,"height":500,"filesize":57869,"mime_type":"image\/jpeg","source_url":"https:\/\/correiodasemana.com\/site\/wp-content\/uploads\/2025\/04\/Paroquia-de-Sao-Jose-800x500.jpeg"},"covernews-featured":{"file":"Paroquia-de-Sao-Jose-1024x1365.jpeg","width":1024,"height":1365,"filesize":212181,"mime_type":"image\/jpeg","source_url":"https:\/\/correiodasemana.com\/site\/wp-content\/uploads\/2025\/04\/Paroquia-de-Sao-Jose-1024x1365.jpeg"},"covernews-medium":{"file":"Paroquia-de-Sao-Jose-540x340.jpeg","width":540,"height":340,"filesize":30932,"mime_type":"image\/jpeg","source_url":"https:\/\/correiodasemana.com\/site\/wp-content\/uploads\/2025\/04\/Paroquia-de-Sao-Jose-540x340.jpeg"},"covernews-medium-square":{"file":"Paroquia-de-Sao-Jose-400x250.jpeg","width":400,"height":250,"filesize":18520,"mime_type":"image\/jpeg","source_url":"https:\/\/correiodasemana.com\/site\/wp-content\/uploads\/2025\/04\/Paroquia-de-Sao-Jose-400x250.jpeg"},"full":{"file":"Paroquia-de-Sao-Jose.jpeg","width":1200,"height":1600,"mime_type":"image\/jpeg","source_url":"https:\/\/correiodasemana.com\/site\/wp-content\/uploads\/2025\/04\/Paroquia-de-Sao-Jose.jpeg"}},"image_meta":{"aperture":"0","credit":"","camera":"","caption":"","created_timestamp":"0","copyright":"","focal_length":"0","iso":"0","shutter_speed":"0","title":"","orientation":"0","keywords":[]}},"post":33359,"source_url":"https:\/\/correiodasemana.com\/site\/wp-content\/uploads\/2025\/04\/Paroquia-de-Sao-Jose.jpeg","_links":{"self":[{"href":"https:\/\/correiodasemana.com\/site\/wp-json\/wp\/v2\/media\/33363","targetHints":{"allow":["GET"]}}],"collection":[{"href":"https:\/\/correiodasemana.com\/site\/wp-json\/wp\/v2\/media"}],"about":[{"href":"https:\/\/correiodasemana.com\/site\/wp-json\/wp\/v2\/types\/attachment"}],"author":[{"embeddable":true,"href":"https:\/\/correiodasemana.com\/site\/wp-json\/wp\/v2\/users\/7"}],"replies":[{"embeddable":true,"href":"https:\/\/correiodasemana.com\/site\/wp-json\/wp\/v2\/comments?post=33363"}],"wp:attached-to":[{"embeddable":true,"post_type":"post","id":33359,"href":"https:\/\/correiodasemana.com\/site\/wp-json\/wp\/v2\/posts\/33359"}],"curies":[{"name":"wp","href":"https:\/\/api.w.org\/{rel}","templated":true}]}}

Paróquia de São José

<p class="attachment"><a href='https://correiodasemana.com/site/wp-content/uploads/2025/04/Paroquia-de-Sao-Jose.jpeg'><img loading="lazy" width="225" height="300" src="https://correiodasemana.com/site/wp-content/uploads/2025/04/Paroquia-de-Sao-Jose-225x300.jpeg" class="attachment-medium size-medium" alt="Paróquia de São José" srcset="https://correiodasemana.com/site/wp-content/uploads/2025/04/Paroquia-de-Sao-Jose-225x300.jpeg 225w, https://correiodasemana.com/site/wp-content/uploads/2025/04/Paroquia-de-Sao-Jose-768x1024.jpeg 768w, https://correiodasemana.com/site/wp-content/uploads/2025/04/Paroquia-de-Sao-Jose-1152x1536.jpeg 1152w, https://correiodasemana.com/site/wp-content/uploads/2025/04/Paroquia-de-Sao-Jose-1024x1365.jpeg 1024w, https://correiodasemana.com/site/wp-content/uploads/2025/04/Paroquia-de-Sao-Jose.jpeg 1200w" sizes="auto, (max-width: 225px) 100vw, 225px" loading="lazy" decoding="async" /></a></p>
