{"id":35677,"date":"2025-09-28T11:23:31","date_gmt":"2025-09-28T14:23:31","guid":{"rendered":"https:\/\/correiodasemana.com\/site\/wp-content\/uploads\/2025\/09\/Peca-memorias-de-chico-xavier-foto-Valerio-Trabanco.jpg"},"modified":"2025-09-28T11:23:31","modified_gmt":"2025-09-28T14:23:31","slug":"peca-memorias-de-chico-xavier-foto-valerio-trabanco","status":"inherit","type":"attachment","link":"https:\/\/correiodasemana.com\/site\/em-tempo-295\/peca-memorias-de-chico-xavier-foto-valerio-trabanco\/","title":{"rendered":"Pe\u00e7a mem\u00f3rias de chico xavier &#8211; foto Val\u00e9rio Trabanco"},"author":7,"featured_media":0,"comment_status":"open","ping_status":"closed","template":"","meta":[],"class_list":["post-35677","attachment","type-attachment","status-inherit","hentry"],"jetpack_sharing_enabled":true,"description":{"rendered":"<p class=\"attachment\"><a href='https:\/\/correiodasemana.com\/site\/wp-content\/uploads\/2025\/09\/Peca-memorias-de-chico-xavier-foto-Valerio-Trabanco.jpg'><img loading=\"lazy\" width=\"300\" height=\"169\" src=\"https:\/\/correiodasemana.com\/site\/wp-content\/uploads\/2025\/09\/Peca-memorias-de-chico-xavier-foto-Valerio-Trabanco-300x169.jpg\" class=\"attachment-medium size-medium\" alt=\"Pe\u00e7a mem\u00f3rias de chico xavier - foto Val\u00e9rio Trabanco\" srcset=\"https:\/\/correiodasemana.com\/site\/wp-content\/uploads\/2025\/09\/Peca-memorias-de-chico-xavier-foto-Valerio-Trabanco-300x169.jpg 300w, https:\/\/correiodasemana.com\/site\/wp-content\/uploads\/2025\/09\/Peca-memorias-de-chico-xavier-foto-Valerio-Trabanco.jpg 739w\" sizes=\"auto, (max-width: 300px) 100vw, 300px\" loading=\"lazy\" decoding=\"async\" \/><\/a><\/p>\n"},"caption":{"rendered":""},"alt_text":"","media_type":"image","mime_type":"image\/jpeg","media_details":{"width":739,"height":416,"file":"2025\/09\/Peca-memorias-de-chico-xavier-foto-Valerio-Trabanco.jpg","filesize":26850,"sizes":{"medium":{"file":"Peca-memorias-de-chico-xavier-foto-Valerio-Trabanco-300x169.jpg","width":300,"height":169,"filesize":7553,"mime_type":"image\/jpeg","source_url":"https:\/\/correiodasemana.com\/site\/wp-content\/uploads\/2025\/09\/Peca-memorias-de-chico-xavier-foto-Valerio-Trabanco-300x169.jpg"},"thumbnail":{"file":"Peca-memorias-de-chico-xavier-foto-Valerio-Trabanco-150x150.jpg","width":150,"height":150,"filesize":4453,"mime_type":"image\/jpeg","source_url":"https:\/\/correiodasemana.com\/site\/wp-content\/uploads\/2025\/09\/Peca-memorias-de-chico-xavier-foto-Valerio-Trabanco-150x150.jpg"},"covernews-medium":{"file":"Peca-memorias-de-chico-xavier-foto-Valerio-Trabanco-540x340.jpg","width":540,"height":340,"filesize":21189,"mime_type":"image\/jpeg","source_url":"https:\/\/correiodasemana.com\/site\/wp-content\/uploads\/2025\/09\/Peca-memorias-de-chico-xavier-foto-Valerio-Trabanco-540x340.jpg"},"covernews-medium-square":{"file":"Peca-memorias-de-chico-xavier-foto-Valerio-Trabanco-400x250.jpg","width":400,"height":250,"filesize":13071,"mime_type":"image\/jpeg","source_url":"https:\/\/correiodasemana.com\/site\/wp-content\/uploads\/2025\/09\/Peca-memorias-de-chico-xavier-foto-Valerio-Trabanco-400x250.jpg"},"full":{"file":"Peca-memorias-de-chico-xavier-foto-Valerio-Trabanco.jpg","width":739,"height":416,"mime_type":"image\/jpeg","source_url":"https:\/\/correiodasemana.com\/site\/wp-content\/uploads\/2025\/09\/Peca-memorias-de-chico-xavier-foto-Valerio-Trabanco.jpg"}},"image_meta":{"aperture":"0","credit":"","camera":"","caption":"","created_timestamp":"0","copyright":"","focal_length":"0","iso":"0","shutter_speed":"0","title":"","orientation":"0","keywords":[]}},"post":35676,"source_url":"https:\/\/correiodasemana.com\/site\/wp-content\/uploads\/2025\/09\/Peca-memorias-de-chico-xavier-foto-Valerio-Trabanco.jpg","_links":{"self":[{"href":"https:\/\/correiodasemana.com\/site\/wp-json\/wp\/v2\/media\/35677","targetHints":{"allow":["GET"]}}],"collection":[{"href":"https:\/\/correiodasemana.com\/site\/wp-json\/wp\/v2\/media"}],"about":[{"href":"https:\/\/correiodasemana.com\/site\/wp-json\/wp\/v2\/types\/attachment"}],"author":[{"embeddable":true,"href":"https:\/\/correiodasemana.com\/site\/wp-json\/wp\/v2\/users\/7"}],"replies":[{"embeddable":true,"href":"https:\/\/correiodasemana.com\/site\/wp-json\/wp\/v2\/comments?post=35677"}],"wp:attached-to":[{"embeddable":true,"post_type":"post","id":35676,"href":"https:\/\/correiodasemana.com\/site\/wp-json\/wp\/v2\/posts\/35676"}],"curies":[{"name":"wp","href":"https:\/\/api.w.org\/{rel}","templated":true}]}}

Peça memórias de chico xavier &#8211; foto Valério Trabanco

<p class="attachment"><a href='https://correiodasemana.com/site/wp-content/uploads/2025/09/Peca-memorias-de-chico-xavier-foto-Valerio-Trabanco.jpg'><img loading="lazy" width="300" height="169" src="https://correiodasemana.com/site/wp-content/uploads/2025/09/Peca-memorias-de-chico-xavier-foto-Valerio-Trabanco-300x169.jpg" class="attachment-medium size-medium" alt="Peça memórias de chico xavier - foto Valério Trabanco" srcset="https://correiodasemana.com/site/wp-content/uploads/2025/09/Peca-memorias-de-chico-xavier-foto-Valerio-Trabanco-300x169.jpg 300w, https://correiodasemana.com/site/wp-content/uploads/2025/09/Peca-memorias-de-chico-xavier-foto-Valerio-Trabanco.jpg 739w" sizes="auto, (max-width: 300px) 100vw, 300px" loading="lazy" decoding="async" /></a></p>
