{"id":37678,"date":"2026-03-10T23:32:04","date_gmt":"2026-03-11T02:32:04","guid":{"rendered":"https:\/\/correiodasemana.com\/site\/wp-content\/uploads\/2026\/03\/Paroquia-do-Sagrado-Coracao-de-Jesus.jpeg"},"modified":"2026-03-10T23:32:04","modified_gmt":"2026-03-11T02:32:04","slug":"paroquia-do-sagrado-coracao-de-jesus","status":"inherit","type":"attachment","link":"https:\/\/correiodasemana.com\/site\/regiao-episcopal-sede-paroquias-realizam-mutirao-de-confissoes-no-periodo-quaresmal\/paroquia-do-sagrado-coracao-de-jesus\/","title":{"rendered":"Par\u00f3quia do Sagrado Cora\u00e7\u00e3o de Jesus"},"author":7,"featured_media":0,"comment_status":"open","ping_status":"closed","template":"","meta":[],"class_list":["post-37678","attachment","type-attachment","status-inherit","hentry"],"jetpack_sharing_enabled":true,"description":{"rendered":"<p class=\"attachment\"><a href='https:\/\/correiodasemana.com\/site\/wp-content\/uploads\/2026\/03\/Paroquia-do-Sagrado-Coracao-de-Jesus.jpeg'><img loading=\"lazy\" width=\"225\" height=\"300\" src=\"https:\/\/correiodasemana.com\/site\/wp-content\/uploads\/2026\/03\/Paroquia-do-Sagrado-Coracao-de-Jesus-225x300.jpeg\" class=\"attachment-medium size-medium\" alt=\"Par\u00f3quia do Sagrado Cora\u00e7\u00e3o de Jesus\" srcset=\"https:\/\/correiodasemana.com\/site\/wp-content\/uploads\/2026\/03\/Paroquia-do-Sagrado-Coracao-de-Jesus-225x300.jpeg 225w, https:\/\/correiodasemana.com\/site\/wp-content\/uploads\/2026\/03\/Paroquia-do-Sagrado-Coracao-de-Jesus-768x1024.jpeg 768w, https:\/\/correiodasemana.com\/site\/wp-content\/uploads\/2026\/03\/Paroquia-do-Sagrado-Coracao-de-Jesus-1152x1536.jpeg 1152w, https:\/\/correiodasemana.com\/site\/wp-content\/uploads\/2026\/03\/Paroquia-do-Sagrado-Coracao-de-Jesus-1024x1365.jpeg 1024w, https:\/\/correiodasemana.com\/site\/wp-content\/uploads\/2026\/03\/Paroquia-do-Sagrado-Coracao-de-Jesus.jpeg 1200w\" sizes=\"auto, (max-width: 225px) 100vw, 225px\" loading=\"lazy\" decoding=\"async\" \/><\/a><\/p>\n"},"caption":{"rendered":""},"alt_text":"","media_type":"image","mime_type":"image\/jpeg","media_details":{"width":1200,"height":1600,"file":"2026\/03\/Paroquia-do-Sagrado-Coracao-de-Jesus.jpeg","filesize":295094,"sizes":{"medium":{"file":"Paroquia-do-Sagrado-Coracao-de-Jesus-225x300.jpeg","width":225,"height":300,"filesize":13694,"mime_type":"image\/jpeg","source_url":"https:\/\/correiodasemana.com\/site\/wp-content\/uploads\/2026\/03\/Paroquia-do-Sagrado-Coracao-de-Jesus-225x300.jpeg"},"large":{"file":"Paroquia-do-Sagrado-Coracao-de-Jesus-768x1024.jpeg","width":768,"height":1024,"filesize":135994,"mime_type":"image\/jpeg","source_url":"https:\/\/correiodasemana.com\/site\/wp-content\/uploads\/2026\/03\/Paroquia-do-Sagrado-Coracao-de-Jesus-768x1024.jpeg"},"thumbnail":{"file":"Paroquia-do-Sagrado-Coracao-de-Jesus-150x150.jpeg","width":150,"height":150,"filesize":4977,"mime_type":"image\/jpeg","source_url":"https:\/\/correiodasemana.com\/site\/wp-content\/uploads\/2026\/03\/Paroquia-do-Sagrado-Coracao-de-Jesus-150x150.jpeg"},"medium_large":{"file":"Paroquia-do-Sagrado-Coracao-de-Jesus-768x1024.jpeg","width":768,"height":1024,"filesize":135994,"mime_type":"image\/jpeg","source_url":"https:\/\/correiodasemana.com\/site\/wp-content\/uploads\/2026\/03\/Paroquia-do-Sagrado-Coracao-de-Jesus-768x1024.jpeg"},"1536x1536":{"file":"Paroquia-do-Sagrado-Coracao-de-Jesus-1152x1536.jpeg","width":1152,"height":1536,"filesize":276214,"mime_type":"image\/jpeg","source_url":"https:\/\/correiodasemana.com\/site\/wp-content\/uploads\/2026\/03\/Paroquia-do-Sagrado-Coracao-de-Jesus-1152x1536.jpeg"},"covernews-featured":{"file":"Paroquia-do-Sagrado-Coracao-de-Jesus-1024x1365.jpeg","width":1024,"height":1365,"filesize":227556,"mime_type":"image\/jpeg","source_url":"https:\/\/correiodasemana.com\/site\/wp-content\/uploads\/2026\/03\/Paroquia-do-Sagrado-Coracao-de-Jesus-1024x1365.jpeg"},"covernews-medium":{"file":"Paroquia-do-Sagrado-Coracao-de-Jesus-540x340.jpeg","width":540,"height":340,"filesize":26528,"mime_type":"image\/jpeg","source_url":"https:\/\/correiodasemana.com\/site\/wp-content\/uploads\/2026\/03\/Paroquia-do-Sagrado-Coracao-de-Jesus-540x340.jpeg"},"full":{"file":"Paroquia-do-Sagrado-Coracao-de-Jesus.jpeg","width":1200,"height":1600,"mime_type":"image\/jpeg","source_url":"https:\/\/correiodasemana.com\/site\/wp-content\/uploads\/2026\/03\/Paroquia-do-Sagrado-Coracao-de-Jesus.jpeg"}},"image_meta":{"aperture":"0","credit":"","camera":"","caption":"","created_timestamp":"0","copyright":"","focal_length":"0","iso":"0","shutter_speed":"0","title":"","orientation":"0","keywords":[]}},"post":37676,"source_url":"https:\/\/correiodasemana.com\/site\/wp-content\/uploads\/2026\/03\/Paroquia-do-Sagrado-Coracao-de-Jesus.jpeg","_links":{"self":[{"href":"https:\/\/correiodasemana.com\/site\/wp-json\/wp\/v2\/media\/37678","targetHints":{"allow":["GET"]}}],"collection":[{"href":"https:\/\/correiodasemana.com\/site\/wp-json\/wp\/v2\/media"}],"about":[{"href":"https:\/\/correiodasemana.com\/site\/wp-json\/wp\/v2\/types\/attachment"}],"author":[{"embeddable":true,"href":"https:\/\/correiodasemana.com\/site\/wp-json\/wp\/v2\/users\/7"}],"replies":[{"embeddable":true,"href":"https:\/\/correiodasemana.com\/site\/wp-json\/wp\/v2\/comments?post=37678"}],"wp:attached-to":[{"embeddable":true,"post_type":"post","id":37676,"href":"https:\/\/correiodasemana.com\/site\/wp-json\/wp\/v2\/posts\/37676"}],"curies":[{"name":"wp","href":"https:\/\/api.w.org\/{rel}","templated":true}]}}

Paróquia do Sagrado Coração de Jesus

<p class="attachment"><a href='https://correiodasemana.com/site/wp-content/uploads/2026/03/Paroquia-do-Sagrado-Coracao-de-Jesus.jpeg'><img loading="lazy" width="225" height="300" src="https://correiodasemana.com/site/wp-content/uploads/2026/03/Paroquia-do-Sagrado-Coracao-de-Jesus-225x300.jpeg" class="attachment-medium size-medium" alt="Paróquia do Sagrado Coração de Jesus" srcset="https://correiodasemana.com/site/wp-content/uploads/2026/03/Paroquia-do-Sagrado-Coracao-de-Jesus-225x300.jpeg 225w, https://correiodasemana.com/site/wp-content/uploads/2026/03/Paroquia-do-Sagrado-Coracao-de-Jesus-768x1024.jpeg 768w, https://correiodasemana.com/site/wp-content/uploads/2026/03/Paroquia-do-Sagrado-Coracao-de-Jesus-1152x1536.jpeg 1152w, https://correiodasemana.com/site/wp-content/uploads/2026/03/Paroquia-do-Sagrado-Coracao-de-Jesus-1024x1365.jpeg 1024w, https://correiodasemana.com/site/wp-content/uploads/2026/03/Paroquia-do-Sagrado-Coracao-de-Jesus.jpeg 1200w" sizes="auto, (max-width: 225px) 100vw, 225px" loading="lazy" decoding="async" /></a></p>
